*j - 24. Let w be r(6). Suppose -3*l = -5*o + 358, -4*o + w*l + 288 = -2*l. What is the units digit of o?
4
Let t(q) = 12*q + 8. Let j be t(0). Suppose 0 = 3*v - 3*a - 312, a - j = -3*a. What is the hundreds digit of v?
1
What is the hundreds digit of (-41)/((-779)/342) - -465?
4
Suppose -43*b + 127*b - 55*b - 288376 = 0. What is the units digit of b?
4
Let j = 1168 + -438. Suppose -2*h + 2*m = -1166, 0 = 2*h - 3*m - 438 - j. What is the tens digit of h?
8
Suppose 6*a = 8*a. Suppose a = 2*n + 27 - 57. Suppose 3*r + 63 = 4*m, 3*m - 26 - n = -4*r. What is the tens digit of m?
1
Let x(w) = 3*w**2 - 8*w + 9. Let p be x(2). Suppose -5 + 3 = -m, p*m = 4*v - 682. What is the hundreds digit of v?
1
Suppose 141*q + 124 = 145*q. Suppose -q*v + 2483 = -32702. What is the tens digit of v?
3
What is the units digit of (-1)/2 - (-8597)/2?
8
Suppose -14*d + 18*d - 17 = -w, 4*w = 5*d - 37. Suppose -2*t - n + 562 = 0, t - d*n - 128 = 131. What is the units digit of t?
9
Let f = -291 + 487. Suppose f = 3*q + 9*g - 14*g, -g = -4*q + 250. What is the units digit of q?
2
Let m(p) = 31 - 32 + 0*p + p + p**2 + 0*p**2. Let g(q) = -5*q**2 + 8*q - 2. Let r(y) = -g(y) - 2*m(y). What is the units digit of r(7)?
1
Suppose 0 = 3*o + 15, -3*o = -2*h + 36 - 143. Let k = -27 - h. Suppose k = 2*g + 5*q, -2*g + 51 = g + 4*q. What is the units digit of g?
7
Let n = -102 - -112. Suppose -3*s - n = -16. Suppose -4*r - 212 = -s*j, -j + 93 = -5*r - 1. What is the hundreds digit of j?
1
Let v(s) = s**2 - 8*s - 14. Let k be v(7). Let d = 26 + k. Suppose 0 = 4*c - h - 261, d*h - h = 3*c - 199. What is the tens digit of c?
6
Let b = 42 - 38. Suppose -8*d + b*d + 32 = 0. Let j(o) = o**3 - 4*o**2 + o - 13. What is the tens digit of j(d)?
5
Let i be 45/10*(4 + (-24)/9). Suppose 9*h - i*h - 1813 = -g, 5*h + 5*g = 3035. What is the tens digit of h?
0
Let i = 6879 + -4155. Suppose 0 = -286*a + 280*a + i. What is the hundreds digit of a?
4
Let s be 2/(-6) + (232/(-24) - 5). Suppose -12*h + 7044 = -8*h. What is the tens digit of 6/s + h/15 + -4?
1
Suppose -5*p - p + 204 = 0. Suppose p*m + 2 = 32*m. Let y(f) = -221*f - 2. What is the tens digit of y(m)?
1
What is the thousands digit of ((-20)/45 - (-89852)/72)/(8/16)?
2
Suppose -2*v + 15 = 3*v. Suppose 0 = -r - 3*g + 471, v*r + 2*g + 2*g = 1393. What is the units digit of r?
9
Suppose 19 = 13*j + 8 - 15. Suppose 5*u - 45 = -5*r, r = 6*r + 2*u - 51. Suppose -d - r = 2*w - 147, j*d = 0. What is the tens digit of w?
6
Suppose 0 = 148*w + 35*w - 1542324. What is the thousands digit of w?
8
Suppose 4*n - 74 = 10. What is the units digit of 5*n/(-6)*(-40 - -18)?
5
Suppose -8*y + 68 + 140 = 0. Let m = 22 - y. What is the units digit of 2*(3 + m/(-8))?
7
Let x(q) = -13*q**2 + 10*q + 4. Let b be x(-1). Let t = 463 + b. What is the hundreds digit of t?
4
Suppose -237*k = -357*k + 149640. What is the tens digit of k?
4
Let h(i) = 84 - 8*i + 0*i**3 + i**3 - 7*i**2 - 51 - 25. Let v(z) = z**3. Let b be v(2). What is the units digit of h(b)?
8
Let h(l) = 2*l**3 - 19*l**2 - 6*l + 30. Let i be h(13). Suppose 0 = 11*y - 8*y + g - i, -y = 5*g - 369. What is the units digit of y?
9
Let z = -10337 - -16432. What is the hundreds digit of z?
0
Let j = -348 - -350. Suppose 16*c - 21*c = -q + 118, -5*c - 226 = -j*q. What is the tens digit of q?
0
Let n = 12819 - 8684. Suppose n = 8*v + 1303. What is the units digit of v?
4
Suppose 2*w + 5*p - 4*p = 1541, 5*w + 3*p - 3853 = 0. What is the tens digit of w?
7
Let m(b) = 13*b + 44. Let c be m(5). Suppose c*y - 381 = -a + 106*y, -2*y = 3*a - 1129. What is the hundreds digit of a?
3
What is the ten thousands digit of (0 + (2 - 4))*12*53270/(-28)?
4
Suppose n = 3*u - 61677, -61641 = 23*u - 26*u - 3*n. What is the units digit of u?
6
Suppose 9400 = m + 3*u - 1118, -2*m = 3*u - 21030. What is the thousands digit of m?
0
Let i(r) = -1133*r + 319. What is the thousands digit of i(-8)?
9
Let w be 6 + 0 + 4 + -4 + -4. Suppose -81 = -2*q - 10*y + 13*y, -w*y - 150 = -4*q. What is the units digit of q?
6
Let p = -969 - -540. Let b = 84 - p. What is the tens digit of b?
1
Suppose 0 = -14*a - 31*a + 26*a + 349999. What is the units digit of a?
1
Let l = -214 + 211. What is the hundreds digit of ((-1)/l)/(1/(-6)) - -330?
3
Suppose 0 = 2*w - 7*p + 4*p - 18, -4*w - 3*p + 18 = 0. What is the tens digit of (-80)/(-12)*w + 0/(-1)?
4
Suppose 28*b - 119 - 49 = 0. Let o(t) = -6*t**2 + 15*t - 21. Let n(j) = 9*j**2 - 22*j + 32. Let m(a) = -5*n(a) - 8*o(a). What is the units digit of m(b)?
6
Suppose -3*t + 5522 + 7699 = 0. What is the thousands digit of t?
4
Let f be (0 + -1)/(5/(-55)). Suppose -14*y + f*y = -678. What is the units digit of y?
6
Suppose 0*q + q = 2*n - 34, n = -q + 14. Let k(a) = a**3 + 18*a**2 + n + 4 - 22*a + 2*a**2. What is the tens digit of k(-21)?
4
Suppose 222*c - 6555342 = -193*c + 1447103. What is the units digit of c?
3
Let j be (-932)/(-6) - (-26)/(-78). Let m = 504 + j. What is the hundreds digit of m?
6
Suppose -28 + 1 = -9*y. Suppose 0 = -y*w, 5*z - 4*z = 4*w + 648. What is the units digit of z?
8
Let x be ((-2)/(-6))/(7/42). What is the hundreds digit of 852 - (-6)/(-4)*x?
8
Let g(p) = 10*p - 11. Let j be g(17). Let a be (5814/(-54))/(2/(-6)). Let z = a - j. What is the units digit of z?
4
Let d be ((-12)/(-14))/((-9)/(-21)). Suppose -1738 = -5*r - o + 401, 2*r = d*o + 846. What is the tens digit of r?
2
Suppose -3 = -152*r + 155*r. Let n be 0*(r + 3/6). Suppose n = 7*g - g - 1050. What is the hundreds digit of g?
1
What is the thousands digit of 8787/(-505)*(-3280)/6?
9
What is the units digit of (47294 + -1)*((-8)/240)/(6/(-180))?
3
Let o = -1469 + 2240. What is the tens digit of o?
7
Let j be (12/(-16))/(-2 - (-74)/40). Suppose 0 = -j*t + 2127 + 488. What is the tens digit of t?
2
Let t(y) = 8*y**2 + 3*y - 3. Let m be t(-2). Suppose -m*i + 20*i + w + 1909 = 0, -2*i + 2*w = -1278. What is the tens digit of i?
3
Suppose -k + 116 - 8 = 0. Let n = k + -114. What is the tens digit of ((-2)/(8/(-300)))/(n/(-4))?
5
Let t(j) = 26*j + 35. Let i be t(16). Suppose 7*r - 2*r = -4*k + i, -2*r = k - 112. Suppose 3*n = -12, 2*x - k = 5*n + 364. What is the units digit of x?
9
Let j = 3659 - -2254. What is the units digit of j?
3
Suppose -u + 66 = u. Let b = 34 - u. What is the units digit of 1/(b/42*1)?
2
Let b(m) = 2*m**3 + 13*m**2 + 8*m - 9. Suppose p - 2 = t, -33 = -5*t - 5*p - 93. Let d be b(t). Let q = 232 + d. What is the tens digit of q?
1
Let z be 5816008/954 - 1/(-9)*-4. Suppose -15*l + 9*l + z = 0. What is the tens digit of l?
1
Let v(x) = 5*x**2 - 2*x - 1. Let f be (9/27)/((-2)/6). Let m be v(f). Let u(k) = k**3 - 4*k**2 - 3*k - 4. What is the tens digit of u(m)?
5
What is the thousands digit of (-85124)/(-16) + (-8)/(320/50)?
5
Suppose -5*m + 291*i - 286*i = -78840, 3*i - 31526 = -2*m. What is the units digit of m?
6
Suppose -79*d - 180 = -84*d. Let s(y) = y**3 - 33*y**2 - 79*y + 95. What is the tens digit of s(d)?
3
Suppose 557*t + 10050 = 567*t. What is the units digit of t?
5
Suppose -6*t + 873 = 33. Let x = -135 + t. Suppose 290 = x*c - 1005. What is the tens digit of c?
5
Let i = -2712 + 37577. What is the hundreds digit of i?
8
Let q = 56 + -47. Suppose 3*w = -4*f - 11, -5*w + 4*w + q = -5*f. What is the units digit of (16 - -1)/((-2 + w)/(-3))?
7
Let z be (6/(-4))/((-5)/2880*3). Suppose -6*j = -z - 96. Suppose -x + 3*f = -j - 3, -f = 0. What is the units digit of x?
7
Suppose 5*m - 6*m + 4 = 0. Suppose 0 = m*x - 4*p - 32, 5*p + 18 - 2 = -x. Suppose 0 = -3*h - 2*b + 253, -2*h - x*b + 263 = 81. What is the units digit of h?
1
What is the ten thousands digit of 273760/12 - 4*80/(-192)?
2
Let d = 6375 + 3591. What is the hundreds digit of d?
9
Suppose -39*c + 28061 + 401340 = -17851. What is the thousands digit of c?
1
Let c be 4532/110 - (-6)/(-5). Suppose -c*h + 66718 = 21918. What is the hundreds digit of h?
1
Suppose 55 = 8*u + 15. Suppose -u*y - 5 = -40. Suppose -35 - 77 = -y*m. What is the units digit of m?
6
Let i = -310 + -330. Let u = -187 - i. What is the units digit of u?
3
Let u = 41 + -36. Suppose -5*c - m = 4*m - u, 2*m = c + 2. Suppose -x + v - 6*v + 125 = 0, 2*v + 6 = c. What is the hundreds digit of x?
1
Let h = 415 - 695. What is the thousands digit of -1 + ((-918)/5)/(42/h)?
1
Suppose -2480 =